o = -1112 + 1122. Calculate the greatest common factor of o and 3.
1
Let w be 4 + (39 - 4) + -12. What is the greatest common factor of w and 117?
9
Suppose -2*a + 4*s = -198, 11*a - 292 = 8*a + 5*s. Calculate the greatest common divisor of 178 and a.
89
Let r(l) = 3*l**2 + 25*l. Let b be r(-10). What is the greatest common factor of b and 450?
50
Let n(b) = b**2 - 2*b - 154. Let m be n(0). Let w be (12/(-14))/(33/m). Suppose 0 = -3*k - k + 32. Calculate the highest common divisor of k and w.
4
Let s(u) = u**3 + 30*u**2 + 79*u + 2380. Let p be s(-30). Let f = -9 - -19. What is the highest common divisor of f and p?
10
Suppose 5*y - 40 = -20, -15 = -c - y. Let m = 25 + -14. Calculate the highest common factor of c and m.
11
Suppose 4*d - 3*z = 33, -3*d + 0*d + 3 = 5*z. Let o(i) = 5*i**2 - 1. Let a be o(-1). Calculate the greatest common divisor of a and d.
2
Let k(m) = 27*m**3 + 3*m**2 - 8. Let j be k(2). What is the greatest common factor of 60 and j?
20
Suppose -4030 = -87*l + 17720. Calculate the highest common divisor of 20 and l.
10
Let g(u) = 51*u - 31. Let y be g(4). What is the greatest common divisor of 1 and y?
1
Let a be (1/2)/((-93)/(-34410)). Calculate the highest common factor of 5 and a.
5
Suppose 13*q = -47 + 60. Calculate the greatest common factor of q and 3.
1
Let n = -86 - -161. Let h be (-203)/5 + 4/(-10). Let x = h - -71. What is the greatest common divisor of n and x?
15
Let w = -42 - -126. Let i = w - 20. Calculate the greatest common factor of 16 and i.
16
Let v(a) = 8*a + 1. Let j(i) = -16*i - 2. Suppose 9 = 11*t - 14*t. Let m(w) = t*j(w) - 5*v(w). Let l be m(2). What is the greatest common factor of l and 187?
17
Suppose -3*f + 14 = 2*z, -3*f = -2*f + 2*z - 10. Suppose -3*d = 4 + f. Let v be -8*(d - 1/(-2)). Calculate the highest common factor of 132 and v.
12
Let m(o) = 22*o**2 - 4*o - 6. Let t be m(-1). What is the highest common divisor of t and 10?
10
Suppose -a = 0, -2*h + 35 = -5*a + 3. What is the highest common factor of 4 and h?
4
Suppose 55*z - 50*z - 165 = 0. What is the highest common factor of 1584 and z?
33
Let l = 0 - 0. Let g be -4 - (-10 + l/1). Suppose -2*u - 39 = -g*u + x, 3*u - 29 = x. Calculate the greatest common factor of 15 and u.
5
Suppose -4*y + y = -3*h + 9, 0 = -y - h - 13. Let q(c) = -2*c - 8. Let v be q(y). Suppose 0 = -x + 2*x - v. Calculate the greatest common divisor of x and 72.
8
Let t(i) = 32*i**2 + 6*i - 5. Let r be t(2). Calculate the highest common divisor of 75 and r.
15
Suppose 4*f - 2 = 18. Suppose 5*p + 105 = 5*o, -o = -0*p - f*p - 9. Calculate the greatest common factor of 36 and o.
12
Suppose 2*n + 199 = 2*g - 9, g - 3*n = 108. Calculate the highest common divisor of 442 and g.
34
Suppose 435 = 3*z - 687. Let u = z + -251. Calculate the highest common divisor of 82 and u.
41
Suppose 13*o + 1968 = 54*o. Calculate the highest common divisor of 6 and o.
6
Suppose -4*p - 6*v + 36 = -4*v, 12 = p - v. What is the highest common divisor of p and 46?
2
Suppose -4*x = -3*z - 58 + 355, -2*z = -4*x - 202. What is the greatest common divisor of z and 10?
5
Let p(o) = o**3 - 6*o**2 + o + 1. Let t be p(6). What is the highest common factor of t and 77?
7
Let l(x) = -x + 9 + 9 - 11. Let k be l(-7). Calculate the highest common factor of k and 14.
14
Suppose 0 = -14*y + 11*y + 84. Let d = y + 2. Suppose 31*s = d*s + 9. Calculate the greatest common divisor of 18 and s.
9
Let h = 12 - -72. Let d = h + -77. Calculate the greatest common factor of d and 49.
7
Suppose -3*a + 5*y + 25 = 2*a, -3*a + 21 = -5*y. Calculate the greatest common divisor of 180 and a.
2
Suppose -36 + 0 = -2*u. Let s be (-27 + 11 - -17)*1*27. Calculate the greatest common factor of u and s.
9
Suppose -5*f - 3*h + 18 = 0, 4*h = -f - 16 + 6. Calculate the greatest common divisor of f and 26.
2
Let c(p) = -5*p - 16. Let l be 34/(-6) + (-2)/(-3). Let k be c(l). What is the greatest common factor of 9 and k?
9
Let s(c) = c**3 + c**2 - c + 26. Let k be s(0). Let d be (-1280)/(-24) + (-12)/9. Calculate the greatest common divisor of d and k.
26
Let x = 67 + -78. Let d(n) = -4*n - 38. Let r be d(x). What is the highest common divisor of 9 and r?
3
Let t(q) = q**3 + 2*q**2 - 9*q + 14. Let d be t(4). Let o = -68 + d. Calculate the greatest common divisor of o and 2.
2
Let q be ((-95900)/(-36))/5 + (-36)/(-162). What is the greatest common factor of q and 41?
41
Let r be (-2)/(-14) - 34221/(-357). Suppose 0 = 5*m - 0*m - u - 64, 4 = -u. Calculate the greatest common factor of r and m.
12
Suppose 0 = 6*k - 147 + 27. What is the highest common divisor of k and 90?
10
Suppose 0*q + 2*q + 2 = 0. Let i be 2 + q + 1*32. Let b = -14 + 36. Calculate the greatest common factor of i and b.
11
Suppose -2*j + m + 146 = 0, -j + 3*j + 5*m - 134 = 0. Suppose 4*u - 201 = -3*o, o + 249 = 5*u + 4*o. Calculate the greatest common factor of j and u.
24
Suppose 3*j = -13*j + 96. What is the greatest common divisor of j and 14?
2
Let s be ((-486)/(-12))/((-6)/(-8)). Suppose s = 10*c - 66. Calculate the highest common divisor of 30 and c.
6
Let q(o) = 11*o**2 + 14*o - 20. Let l be q(1). What is the greatest common divisor of l and 335?
5
Let o be (-372)/9 + (-3)/(-9). Let v = -26 - o. Suppose -2*y - 2*y + 360 = 0. Calculate the highest common factor of v and y.
15
Suppose -3*a + 10 = -2*i, -5*i - 4*a + 23 = 2. Let s be 18/4 + (-5)/(60/18). What is the highest common divisor of i and s?
1
Let a be 4/(-6) + (-32)/(-12). Let h be (a*20/(-8))/(-1). Calculate the highest common divisor of h and 5.
5
Let s be (12*(-6)/20)/(10/(-25)). Suppose 16 = u + s. What is the greatest common factor of u and 7?
7
Let n(g) = g - 14. Let q be n(6). Let l be (1/(-3))/(q/600). Calculate the highest common divisor of l and 100.
25
Let u = -115 - -170. Suppose 5*t - 27 = 2*t - 3*m, 0 = -3*t + 2*m + 7. What is the highest common divisor of t and u?
5
Let m(x) = 2*x**3 + 18*x**2 - 3*x - 23. Let r be m(-9). What is the greatest common divisor of r and 2?
2
Suppose -2*w + 75 = 3*w. Let d(t) = -9 - 10*t + t**3 + 1 + 2 - 10*t**2. Let v be d(11). Calculate the highest common divisor of v and w.
5
Let x = 21 + -12. Suppose 0*c - 28 = -q - 5*c, -4*c - 82 = -5*q. Calculate the highest common divisor of q and x.
9
Suppose 1035 = 3*p + 3*w, -3*w + 1805 = 4*p + 428. Let d(z) = 11*z - 6. Let a be d(4). Calculate the highest common divisor of p and a.
38
Let d(l) = 8*l + 207. Let v be d(-25). Suppose -2*x = -3*b - 11, 7 = 3*x + 5*b - 0. Let z be -28*(-1 - 1)/x. Calculate the greatest common divisor of z and v.
7
Suppose 278*y - 279*y = -323. What is the greatest common factor of y and 34?
17
Let k be 3 + 1 + 0 + -2. Let r(h) = h**3 + 0*h**3 - k*h**3 + 10*h**2 - 2*h - 4*h - 7. Let u be r(9). What is the greatest common divisor of u and 160?
20
Let d(j) = -j**3 - 6*j**2 + 1 + j**3 + j**3 + 4*j. Let c be d(5). Let o = c + 50. What is the highest common divisor of 69 and o?
23
Suppose 2*r - 6 + 0 = 0. Suppose 164 = 2*x + n, -r*x + 6*n + 228 = 3*n. What is the highest common divisor of 32 and x?
16
Suppose -1 = -2*z + 3*a + 8, 21 = 3*z + 3*a. What is the highest common divisor of 36 and z?
6
Let r(d) = d**2 + 4*d + 10. Let l be r(0). What is the highest common factor of 190 and l?
10
Suppose -5*f + 3*f = -194. Suppose 4*g - f = 287. What is the greatest common divisor of 64 and g?
32
Suppose -4*c = -15 - 33. Calculate the greatest common divisor of c and 768.
12
Suppose -4*l - 12 = 0, 3*l + 1 = 3*f - 2. Let o be 135/10 - f/4. Let h be (-2)/o - 732/(-28). Calculate the highest common divisor of 78 and h.
26
Suppose -3*g - 4*z = -6, 0*z - z - 8 = -4*g. What is the highest common divisor of 26 and g?
2
Let j = -88 - -89. Let g be (j/2)/((-8)/(-5472)). Calculate the greatest common divisor of g and 38.
38
Let i be (9/(-4))/((-1)/(-10))*2. Let l be (i/(-2))/((-60)/(-56) + -1). Calculate the greatest common divisor of 45 and l.
45
Suppose 4*j - 3*t = -0*j + 103, -t - 101 = -4*j. What is the greatest common factor of 15 and j?
5
Let x = 3 + -3. Suppose -4*r + 0*r + 264 = x. Calculate the greatest common factor of r and 6.
6
Let j = 149 + -65. Let x be ((-1)/(-4))/(3/24). Suppose x*d = 3*d + u - 7, -4*d - 5*u + 23 = 0. What is the highest common factor of j and d?
12
Let k(j) = -j**2 - 20*j - 55. Le